{"id":3,"date":"2024-10-03T06:41:58","date_gmt":"2024-10-03T06:41:58","guid":{"rendered":"https:\/\/localhome.vn\/?page_id=3"},"modified":"2025-02-05T14:01:09","modified_gmt":"2025-02-05T07:01:09","slug":"chinh-sach-bao-mat","status":"publish","type":"page","link":"https:\/\/localhome.vn\/chinh-sach-bao-mat\/","title":{"rendered":"Ch\u00ednh s\u00e1ch b\u1ea3o m\u1eadt th\u00f4ng tin"},"content":{"rendered":"\n<p>Tr\u01b0\u1edbc khi ti\u1ebfn h\u00e0nh \u0111\u1eb7t h\u00e0ng ho\u1eb7c s\u1eed d\u1ee5ng d\u1ecbch v\u1ee5, b\u1ea1n b\u1eaft bu\u1ed9c ph\u1ea3i \u0111\u1ed3ng \u00fd v\u1edbi ch\u00ednh s\u00e1ch B\u1ea3o v\u1ec7 th\u00f4ng tin c\u00e1 nh\u00e2n c\u1ee7a ch\u00fang t\u00f4i. \u0110\u1ec3 \u0111\u1ea3m b\u1ea3o an to\u00e0n v\u00e0 b\u1ea3o v\u1ec7 th\u00f4ng tin c\u00e1 nh\u00e2n c\u1ee7a b\u1ea1n, vui l\u00f2ng \u0111\u1ecdc k\u1ef9 v\u00e0 \u0111\u1ed3ng \u00fd v\u1edbi c\u00e1c ch\u00ednh s\u00e1ch b\u1ea3o m\u1eadt th\u00f4ng tin d\u01b0\u1edbi \u0111\u00e2y:<\/p>\n\n\n\n<h2 class=\"wp-block-heading has-medium-font-size\"><strong>1. M\u1ee5c \u0111\u00edch thu th\u1eadp th\u00f4ng tin c\u00e1 nh\u00e2n<\/strong><\/h2>\n\n\n\n<p>Ch\u00fang t\u00f4i ch\u1ec9 thu th\u1eadp th\u00f4ng tin c\u00e1 nh\u00e2n c\u1ee7a kh\u00e1ch h\u00e0ng v\u1edbi m\u1ee5c \u0111\u00edch sau \u0111\u00e2y:<\/p>\n\n\n\n<p>1.1 X\u00e1c nh\u1eadn danh t\u00ednh: Ch\u00fang t\u00f4i c\u00f3 th\u1ec3 y\u00eau c\u1ea7u th\u00f4ng tin c\u00e1 nh\u00e2n nh\u01b0 t\u00ean, \u0111\u1ecba ch\u1ec9, s\u1ed1 \u0111i\u1ec7n tho\u1ea1i v\u00e0 \u0111\u1ecba ch\u1ec9 email \u0111\u1ec3 x\u00e1c nh\u1eadn danh t\u00ednh c\u1ee7a kh\u00e1ch h\u00e0ng v\u00e0 \u0111\u1ea3m b\u1ea3o t\u00ednh ch\u00ednh x\u00e1c trong qu\u00e1 tr\u00ecnh giao d\u1ecbch v\u00e0 cung c\u1ea5p d\u1ecbch v\u1ee5.<\/p>\n\n\n\n<p>X\u1eed l\u00fd \u0111\u01a1n h\u00e0ng: Ch\u00fang t\u00f4i thu th\u1eadp th\u00f4ng tin c\u00e1 nh\u00e2n nh\u01b0 \u0111\u1ecba ch\u1ec9 giao h\u00e0ng v\u00e0 th\u00f4ng tin thanh to\u00e1n \u0111\u1ec3 x\u1eed l\u00fd \u0111\u01a1n h\u00e0ng c\u1ee7a kh\u00e1ch h\u00e0ng.<\/p>\n\n\n\n<p>1.2 C\u1ea3i thi\u1ec7n tr\u1ea3i nghi\u1ec7m kh\u00e1ch h\u00e0ng: Th\u00f4ng tin c\u00e1 nh\u00e2n \u0111\u01b0\u1ee3c s\u1eed d\u1ee5ng \u0111\u1ec3 cung c\u1ea5p d\u1ecbch v\u1ee5 t\u1ed1t h\u01a1n cho kh\u00e1ch h\u00e0ng, bao g\u1ed3m h\u1ed7 tr\u1ee3 kh\u00e1ch h\u00e0ng, t\u01b0 v\u1ea5n s\u1ea3n ph\u1ea9m v\u00e0 cung c\u1ea5p th\u00f4ng tin li\u00ean quan.<\/p>\n\n\n\n<p>1.3 T\u00f9y ch\u1ec9nh tr\u1ea3i nghi\u1ec7m: Ch\u00fang t\u00f4i c\u00f3 th\u1ec3 s\u1eed d\u1ee5ng th\u00f4ng tin c\u00e1 nh\u00e2n \u0111\u1ec3 t\u00f9y ch\u1ec9nh v\u00e0 c\u00e1 nh\u00e2n h\u00f3a tr\u1ea3i nghi\u1ec7m mua s\u1eafm c\u1ee7a kh\u00e1ch h\u00e0ng tr\u00ean website c\u1ee7a ch\u00fang t\u00f4i, bao g\u1ed3m cung c\u1ea5p th\u00f4ng tin s\u1ea3n ph\u1ea9m, \u01b0u \u0111\u00e3i ho\u1eb7c g\u1ee3i \u00fd ph\u00f9 h\u1ee3p.<\/p>\n\n\n\n<h2 class=\"wp-block-heading has-medium-font-size\"><strong>2. Ph\u1ea1m vi s\u1eed d\u1ee5ng th\u00f4ng tin<\/strong><\/h2>\n\n\n\n<p>Ch\u00fang t\u00f4i cam k\u1ebft b\u1ea3o v\u1ec7 th\u00f4ng tin c\u00e1 nh\u00e2n c\u1ee7a kh\u00e1ch h\u00e0ng v\u00e0 ch\u1ec9 s\u1eed d\u1ee5ng th\u00f4ng tin trong ph\u1ea1m vi c\u1ea7n thi\u1ebft \u0111\u1ec3 cung c\u1ea5p d\u1ecbch v\u1ee5 v\u00e0 \u0111\u00e1p \u1ee9ng y\u00eau c\u1ea7u c\u1ee7a kh\u00e1ch h\u00e0ng. Th\u00f4ng tin c\u00e1 nh\u00e2n c\u1ee7a kh\u00e1ch h\u00e0ng kh\u00f4ng \u0111\u01b0\u1ee3c chia s\u1ebb, ti\u1ebft l\u1ed9 ho\u1eb7c b\u00e1n cho b\u1ea5t k\u1ef3 b\u00ean th\u1ee9 ba n\u00e0o m\u00e0 kh\u00f4ng c\u00f3 s\u1ef1 \u0111\u1ed3ng \u00fd r\u00f5 r\u00e0ng t\u1eeb kh\u00e1ch h\u00e0ng, tr\u1eeb khi c\u00f3 y\u00eau c\u1ea7u ph\u00e1p l\u00fd ho\u1eb7c khi c\u1ea7n thi\u1ebft \u0111\u1ec3 b\u1ea3o v\u1ec7 quy\u1ec1n l\u1ee3i, t\u00e0i s\u1ea3n ho\u1eb7c an ninh c\u1ee7a ch\u00fang t\u00f4i ho\u1eb7c c\u1ee7a kh\u00e1ch h\u00e0ng.<\/p>\n\n\n\n<p>Ch\u00fang t\u00f4i duy tr\u00ec c\u00e1c bi\u1ec7n ph\u00e1p b\u1ea3o m\u1eadt th\u00edch h\u1ee3p \u0111\u1ec3 \u0111\u1ea3m b\u1ea3o an to\u00e0n th\u00f4ng tin c\u00e1 nh\u00e2n c\u1ee7a kh\u00e1ch h\u00e0ng v\u00e0 tu\u00e2n th\u1ee7 c\u00e1c quy \u0111\u1ecbnh v\u1ec1 b\u1ea3o v\u1ec7 d\u1eef li\u1ec7u \u00e1p d\u1ee5ng.<\/p>\n\n\n\n<h2 class=\"wp-block-heading has-medium-font-size\"><strong>3. Nh\u1eefng ng\u01b0\u1eddi ho\u1eb7c t\u1ed5 ch\u1ee9c c\u00f3 th\u1ec3 \u0111\u01b0\u1ee3c ti\u1ebfp c\u1eadn v\u1edbi th\u00f4ng tin<\/strong><\/h2>\n\n\n\n<p>Ch\u00fang t\u00f4i cam k\u1ebft kh\u00f4ng chia s\u1ebb, b\u00e1n, ho\u1eb7c ti\u1ebft l\u1ed9 th\u00f4ng tin c\u00e1 nh\u00e2n c\u1ee7a kh\u00e1ch h\u00e0ng cho b\u1ea5t k\u1ef3 b\u00ean th\u1ee9 ba n\u00e0o ngo\u1ea1i tr\u1eeb nh\u1eefng tr\u01b0\u1eddng h\u1ee3p sau \u0111\u00e2y:<\/p>\n\n\n\n<p>3.1. \u0110\u1ed1i t\u00e1c d\u1ecbch v\u1ee5: Ch\u00fang t\u00f4i c\u00f3 th\u1ec3 chia s\u1ebb th\u00f4ng tin c\u00e1 nh\u00e2n v\u1edbi c\u00e1c \u0111\u1ed1i t\u00e1c d\u1ecbch v\u1ee5 h\u1ed7 tr\u1ee3 ch\u00fang t\u00f4i trong vi\u1ec7c cung c\u1ea5p s\u1ea3n ph\u1ea9m v\u00e0 d\u1ecbch v\u1ee5 cho kh\u00e1ch h\u00e0ng. Tuy nhi\u00ean, c\u00e1c \u0111\u1ed1i t\u00e1c n\u00e0y ph\u1ea3i tu\u00e2n th\u1ee7 c\u00e1c quy \u0111\u1ecbnh v\u1ec1 b\u1ea3o m\u1eadt th\u00f4ng tin v\u00e0 ch\u1ec9 \u0111\u01b0\u1ee3c s\u1eed d\u1ee5ng th\u00f4ng tin c\u00e1 nh\u00e2n cho m\u1ee5c \u0111\u00edch c\u1ee5 th\u1ec3 \u0111\u00e3 \u0111\u01b0\u1ee3c \u0111\u1ec1 ra.<\/p>\n\n\n\n<p>3.2. Tu\u00e2n th\u1ee7 ph\u00e1p lu\u1eadt: Ch\u00fang t\u00f4i c\u00f3 th\u1ec3 ti\u1ebft l\u1ed9 th\u00f4ng tin c\u00e1 nh\u00e2n khi \u0111\u01b0\u1ee3c y\u00eau c\u1ea7u t\u1eeb c\u00e1c c\u01a1 quan ch\u1ee9c n\u0103ng th\u1ef1c thi ph\u00e1p lu\u1eadt nh\u1eb1m tu\u00e2n th\u1ee7 c\u00e1c quy \u0111\u1ecbnh, quy tr\u00ecnh ph\u00e1p l\u00fd, ho\u1eb7c quy\u1ec1n c\u1ee7a ch\u00fang t\u00f4i.<\/p>\n\n\n\n<h2 class=\"wp-block-heading has-medium-font-size\"><strong>4. Th\u1eddi gian l\u01b0u tr\u1eef th\u00f4ng tin<\/strong><\/h2>\n\n\n\n<p>Ch\u00fang t\u00f4i s\u1ebd l\u01b0u tr\u1eef th\u00f4ng tin c\u00e1 nh\u00e2n c\u1ee7a kh\u00e1ch h\u00e0ng trong th\u1eddi gian kh\u00e1ch h\u00e0ng s\u1eed d\u1ee5ng d\u1ecbch v\u1ee5 v\u00e0 c\u1ea7n thi\u1ebft \u0111\u1ec3 \u0111\u00e1p \u1ee9ng m\u1ee5c \u0111\u00edch thu th\u1eadp th\u00f4ng tin \u0111\u00e3 n\u00eau. Sau khi kh\u00f4ng c\u00f2n c\u1ea7n thi\u1ebft, ch\u00fang t\u00f4i s\u1ebd x\u00f3a ho\u1eb7c l\u00e0m \u1ea9n th\u00f4ng tin c\u00e1 nh\u00e2n c\u1ee7a kh\u00e1ch h\u00e0ng.<\/p>\n\n\n\n<h2 class=\"wp-block-heading has-medium-font-size\"><strong>5. Th\u00f4ng tin \u0111\u01a1n v\u1ecb thu th\u1eadp v\u00e0 qu\u1ea3n l\u00fd th\u00f4ng tin c\u00e1 nh\u00e2n<\/strong><\/h2>\n\n\n\n<p>N\u1ebfu c\u00f3 b\u1ea5t k\u1ef3 c\u00e2u h\u1ecfi ho\u1eb7c c\u1ea7n h\u1ed7 tr\u1ee3 g\u00ec v\u1ec1 ho\u1ea1t \u0111\u1ed9ng thu th\u1eadp, x\u1eed l\u00fd th\u00f4ng tin li\u00ean quan \u0111\u1ebfn kh\u00e1ch h\u00e0ng, xin vui l\u00f2ng li\u00ean h\u1ec7 tr\u1ef1c ti\u1ebfp, \u0111i\u1ec7n tho\u1ea1i ho\u1eb7c email c\u1ee7a ch\u00fang t\u00f4i theo th\u00f4ng tin d\u01b0\u1edbi \u0111\u00e2y:<\/p>\n\n\n\n<p>T\u00ean c\u00f4ng ty: C\u00d4NG TY TNHH LOCAL HOME<\/p>\n\n\n\n<p>\u0110\u1ecba ch\u1ec9: s\u1ed1 28 \u0111\u01b0\u1eddng L\u01b0\u01a1ng \u0110\u1ecbnh C\u1ee7a, Ph\u01b0\u1eddng C\u00e1i Kh\u1ebf, Q. Ninh Ki\u1ec1u, TP. C\u1ea7n Th\u01a1, Vi\u1ec7t Nam<\/p>\n\n\n\n<p>S\u1ed1 \u0111i\u1ec7n tho\u1ea1i: <a href=\"tel:0901416888\">0901.416.888<\/a><\/p>\n\n\n\n<p>Email: <a href=\"mailto:localhomevn@gmail.com\">localhomevn@gmail.com<\/a><\/p>\n\n\n\n<h2 class=\"wp-block-heading has-medium-font-size\"><strong>6. Qu\u1ea3n l\u00fd d\u1eef li\u1ec7u c\u00e1 nh\u00e2n<\/strong><\/h2>\n\n\n\n<p>Kh\u00e1ch h\u00e0ng c\u00f3 quy\u1ec1n ti\u1ebfp c\u1eadn v\u00e0 ch\u1ec9nh s\u1eeda th\u00f4ng tin c\u00e1 nh\u00e2n c\u1ee7a m\u00ecnh b\u1eb1ng c\u00e1ch \u0111\u0103ng nh\u1eadp v\u00e0o t\u00e0i kho\u1ea3n c\u00e1 nh\u00e2n tr\u00ean website ho\u1eb7c li\u00ean h\u1ec7 v\u1edbi ch\u00fang t\u00f4i qua th\u00f4ng tin li\u00ean l\u1ea1c \u0111\u00e3 \u0111\u01b0\u1ee3c cung c\u1ea5p.<\/p>\n\n\n\n<p><\/p>\n","protected":false},"excerpt":{"rendered":"<p>Tr\u01b0\u1edbc khi ti\u1ebfn h\u00e0nh \u0111\u1eb7t h\u00e0ng ho\u1eb7c s\u1eed d\u1ee5ng d\u1ecbch v\u1ee5, b\u1ea1n b\u1eaft bu\u1ed9c ph\u1ea3i \u0111\u1ed3ng \u00fd v\u1edbi ch\u00ednh s\u00e1ch B\u1ea3o v\u1ec7 th\u00f4ng tin c\u00e1 nh\u00e2n c\u1ee7a ch\u00fang t\u00f4i. \u0110\u1ec3 \u0111\u1ea3m b\u1ea3o an to\u00e0n v\u00e0 b\u1ea3o v\u1ec7 th\u00f4ng tin c\u00e1 nh\u00e2n c\u1ee7a b\u1ea1n, vui l\u00f2ng&#8230;<\/p>\n","protected":false},"author":1,"featured_media":0,"parent":0,"menu_order":0,"comment_status":"closed","ping_status":"closed","template":"page-left-sidebar.php","meta":{"footnotes":""},"class_list":["post-3","page","type-page","status-publish","hentry"],"yoast_head":"<!-- This site is optimized with the Yoast SEO plugin v27.5 - https:\/\/yoast.com\/product\/yoast-seo-wordpress\/ -->\n<title>Ch\u00ednh s\u00e1ch b\u1ea3o m\u1eadt th\u00f4ng tin - Localhome<\/title>\n<meta name=\"robots\" content=\"index, follow, max-snippet:-1, max-image-preview:large, max-video-preview:-1\" \/>\n<link rel=\"canonical\" href=\"https:\/\/localhome.vn\/chinh-sach-bao-mat\/\" \/>\n<meta property=\"og:locale\" content=\"vi_VN\" \/>\n<meta property=\"og:type\" content=\"article\" \/>\n<meta property=\"og:title\" content=\"Ch\u00ednh s\u00e1ch b\u1ea3o m\u1eadt th\u00f4ng tin - Localhome\" \/>\n<meta property=\"og:description\" content=\"Tr\u01b0\u1edbc khi ti\u1ebfn h\u00e0nh \u0111\u1eb7t h\u00e0ng ho\u1eb7c s\u1eed d\u1ee5ng d\u1ecbch v\u1ee5, b\u1ea1n b\u1eaft bu\u1ed9c ph\u1ea3i \u0111\u1ed3ng \u00fd v\u1edbi ch\u00ednh s\u00e1ch B\u1ea3o v\u1ec7 th\u00f4ng tin c\u00e1 nh\u00e2n c\u1ee7a ch\u00fang t\u00f4i. \u0110\u1ec3 \u0111\u1ea3m b\u1ea3o an to\u00e0n v\u00e0 b\u1ea3o v\u1ec7 th\u00f4ng tin c\u00e1 nh\u00e2n c\u1ee7a b\u1ea1n, vui l\u00f2ng...\" \/>\n<meta property=\"og:url\" content=\"https:\/\/localhome.vn\/chinh-sach-bao-mat\/\" \/>\n<meta property=\"og:site_name\" content=\"Localhome\" \/>\n<meta property=\"article:publisher\" content=\"https:\/\/www.facebook.com\/profile.php?id=61567521530908\" \/>\n<meta property=\"article:modified_time\" content=\"2025-02-05T07:01:09+00:00\" \/>\n<meta property=\"og:image\" content=\"https:\/\/localhome.vn\/uploads\/2025\/02\/stie-images-logo-1202.png\" \/>\n\t<meta property=\"og:image:width\" content=\"1200\" \/>\n\t<meta property=\"og:image:height\" content=\"675\" \/>\n\t<meta property=\"og:image:type\" content=\"image\/png\" \/>\n<meta name=\"twitter:card\" content=\"summary_large_image\" \/>\n<meta name=\"twitter:label1\" content=\"\u01af\u1edbc t\u00ednh th\u1eddi gian \u0111\u1ecdc\" \/>\n\t<meta name=\"twitter:data1\" content=\"5 ph\u00fat\" \/>\n<script type=\"application\/ld+json\" class=\"yoast-schema-graph\">{\"@context\":\"https:\\\/\\\/schema.org\",\"@graph\":[{\"@type\":\"WebPage\",\"@id\":\"https:\\\/\\\/localhome.vn\\\/chinh-sach-bao-mat\\\/\",\"url\":\"https:\\\/\\\/localhome.vn\\\/chinh-sach-bao-mat\\\/\",\"name\":\"Ch\u00ednh s\u00e1ch b\u1ea3o m\u1eadt th\u00f4ng tin - Localhome\",\"isPartOf\":{\"@id\":\"https:\\\/\\\/localhome.vn\\\/#website\"},\"datePublished\":\"2024-10-03T06:41:58+00:00\",\"dateModified\":\"2025-02-05T07:01:09+00:00\",\"breadcrumb\":{\"@id\":\"https:\\\/\\\/localhome.vn\\\/chinh-sach-bao-mat\\\/#breadcrumb\"},\"inLanguage\":\"vi\",\"potentialAction\":[{\"@type\":\"ReadAction\",\"target\":[\"https:\\\/\\\/localhome.vn\\\/chinh-sach-bao-mat\\\/\"]}]},{\"@type\":\"BreadcrumbList\",\"@id\":\"https:\\\/\\\/localhome.vn\\\/chinh-sach-bao-mat\\\/#breadcrumb\",\"itemListElement\":[{\"@type\":\"ListItem\",\"position\":1,\"name\":\"Home\",\"item\":\"https:\\\/\\\/localhome.vn\\\/\"},{\"@type\":\"ListItem\",\"position\":2,\"name\":\"Ch\u00ednh s\u00e1ch b\u1ea3o m\u1eadt th\u00f4ng tin\"}]},{\"@type\":\"WebSite\",\"@id\":\"https:\\\/\\\/localhome.vn\\\/#website\",\"url\":\"https:\\\/\\\/localhome.vn\\\/\",\"name\":\"Localhome\",\"description\":\"Homestay t\u1ef1 \u0111\u1ed9ng kh\u00f4ng l\u1ec5 t\u00e2n\",\"publisher\":{\"@id\":\"https:\\\/\\\/localhome.vn\\\/#organization\"},\"potentialAction\":[{\"@type\":\"SearchAction\",\"target\":{\"@type\":\"EntryPoint\",\"urlTemplate\":\"https:\\\/\\\/localhome.vn\\\/?s={search_term_string}\"},\"query-input\":{\"@type\":\"PropertyValueSpecification\",\"valueRequired\":true,\"valueName\":\"search_term_string\"}}],\"inLanguage\":\"vi\"},{\"@type\":\"Organization\",\"@id\":\"https:\\\/\\\/localhome.vn\\\/#organization\",\"name\":\"Localhome\",\"url\":\"https:\\\/\\\/localhome.vn\\\/\",\"logo\":{\"@type\":\"ImageObject\",\"inLanguage\":\"vi\",\"@id\":\"https:\\\/\\\/localhome.vn\\\/#\\\/schema\\\/logo\\\/image\\\/\",\"url\":\"https:\\\/\\\/localhome.vn\\\/uploads\\\/2024\\\/10\\\/favicon-localhome.png\",\"contentUrl\":\"https:\\\/\\\/localhome.vn\\\/uploads\\\/2024\\\/10\\\/favicon-localhome.png\",\"width\":512,\"height\":512,\"caption\":\"Localhome\"},\"image\":{\"@id\":\"https:\\\/\\\/localhome.vn\\\/#\\\/schema\\\/logo\\\/image\\\/\"},\"sameAs\":[\"https:\\\/\\\/www.facebook.com\\\/profile.php?id=61567521530908\"]}]}<\/script>\n<!-- \/ Yoast SEO plugin. -->","yoast_head_json":{"title":"Ch\u00ednh s\u00e1ch b\u1ea3o m\u1eadt th\u00f4ng tin - Localhome","robots":{"index":"index","follow":"follow","max-snippet":"max-snippet:-1","max-image-preview":"max-image-preview:large","max-video-preview":"max-video-preview:-1"},"canonical":"https:\/\/localhome.vn\/chinh-sach-bao-mat\/","og_locale":"vi_VN","og_type":"article","og_title":"Ch\u00ednh s\u00e1ch b\u1ea3o m\u1eadt th\u00f4ng tin - Localhome","og_description":"Tr\u01b0\u1edbc khi ti\u1ebfn h\u00e0nh \u0111\u1eb7t h\u00e0ng ho\u1eb7c s\u1eed d\u1ee5ng d\u1ecbch v\u1ee5, b\u1ea1n b\u1eaft bu\u1ed9c ph\u1ea3i \u0111\u1ed3ng \u00fd v\u1edbi ch\u00ednh s\u00e1ch B\u1ea3o v\u1ec7 th\u00f4ng tin c\u00e1 nh\u00e2n c\u1ee7a ch\u00fang t\u00f4i. \u0110\u1ec3 \u0111\u1ea3m b\u1ea3o an to\u00e0n v\u00e0 b\u1ea3o v\u1ec7 th\u00f4ng tin c\u00e1 nh\u00e2n c\u1ee7a b\u1ea1n, vui l\u00f2ng...","og_url":"https:\/\/localhome.vn\/chinh-sach-bao-mat\/","og_site_name":"Localhome","article_publisher":"https:\/\/www.facebook.com\/profile.php?id=61567521530908","article_modified_time":"2025-02-05T07:01:09+00:00","og_image":[{"width":1200,"height":675,"url":"https:\/\/localhome.vn\/uploads\/2025\/02\/stie-images-logo-1202.png","type":"image\/png"}],"twitter_card":"summary_large_image","twitter_misc":{"\u01af\u1edbc t\u00ednh th\u1eddi gian \u0111\u1ecdc":"5 ph\u00fat"},"schema":{"@context":"https:\/\/schema.org","@graph":[{"@type":"WebPage","@id":"https:\/\/localhome.vn\/chinh-sach-bao-mat\/","url":"https:\/\/localhome.vn\/chinh-sach-bao-mat\/","name":"Ch\u00ednh s\u00e1ch b\u1ea3o m\u1eadt th\u00f4ng tin - Localhome","isPartOf":{"@id":"https:\/\/localhome.vn\/#website"},"datePublished":"2024-10-03T06:41:58+00:00","dateModified":"2025-02-05T07:01:09+00:00","breadcrumb":{"@id":"https:\/\/localhome.vn\/chinh-sach-bao-mat\/#breadcrumb"},"inLanguage":"vi","potentialAction":[{"@type":"ReadAction","target":["https:\/\/localhome.vn\/chinh-sach-bao-mat\/"]}]},{"@type":"BreadcrumbList","@id":"https:\/\/localhome.vn\/chinh-sach-bao-mat\/#breadcrumb","itemListElement":[{"@type":"ListItem","position":1,"name":"Home","item":"https:\/\/localhome.vn\/"},{"@type":"ListItem","position":2,"name":"Ch\u00ednh s\u00e1ch b\u1ea3o m\u1eadt th\u00f4ng tin"}]},{"@type":"WebSite","@id":"https:\/\/localhome.vn\/#website","url":"https:\/\/localhome.vn\/","name":"Localhome","description":"Homestay t\u1ef1 \u0111\u1ed9ng kh\u00f4ng l\u1ec5 t\u00e2n","publisher":{"@id":"https:\/\/localhome.vn\/#organization"},"potentialAction":[{"@type":"SearchAction","target":{"@type":"EntryPoint","urlTemplate":"https:\/\/localhome.vn\/?s={search_term_string}"},"query-input":{"@type":"PropertyValueSpecification","valueRequired":true,"valueName":"search_term_string"}}],"inLanguage":"vi"},{"@type":"Organization","@id":"https:\/\/localhome.vn\/#organization","name":"Localhome","url":"https:\/\/localhome.vn\/","logo":{"@type":"ImageObject","inLanguage":"vi","@id":"https:\/\/localhome.vn\/#\/schema\/logo\/image\/","url":"https:\/\/localhome.vn\/uploads\/2024\/10\/favicon-localhome.png","contentUrl":"https:\/\/localhome.vn\/uploads\/2024\/10\/favicon-localhome.png","width":512,"height":512,"caption":"Localhome"},"image":{"@id":"https:\/\/localhome.vn\/#\/schema\/logo\/image\/"},"sameAs":["https:\/\/www.facebook.com\/profile.php?id=61567521530908"]}]}},"_links":{"self":[{"href":"https:\/\/localhome.vn\/wp-json\/wp\/v2\/pages\/3","targetHints":{"allow":["GET"]}}],"collection":[{"href":"https:\/\/localhome.vn\/wp-json\/wp\/v2\/pages"}],"about":[{"href":"https:\/\/localhome.vn\/wp-json\/wp\/v2\/types\/page"}],"author":[{"embeddable":true,"href":"https:\/\/localhome.vn\/wp-json\/wp\/v2\/users\/1"}],"replies":[{"embeddable":true,"href":"https:\/\/localhome.vn\/wp-json\/wp\/v2\/comments?post=3"}],"version-history":[{"count":14,"href":"https:\/\/localhome.vn\/wp-json\/wp\/v2\/pages\/3\/revisions"}],"predecessor-version":[{"id":887,"href":"https:\/\/localhome.vn\/wp-json\/wp\/v2\/pages\/3\/revisions\/887"}],"wp:attachment":[{"href":"https:\/\/localhome.vn\/wp-json\/wp\/v2\/media?parent=3"}],"curies":[{"name":"wp","href":"https:\/\/api.w.org\/{rel}","templated":true}]}}