{"id":41,"date":"2024-10-03T15:11:32","date_gmt":"2024-10-03T08:11:32","guid":{"rendered":"https:\/\/localhome.vn\/?page_id=41"},"modified":"2024-10-07T10:54:21","modified_gmt":"2024-10-07T03:54:21","slug":"noi-quy-va-quy-dinh","status":"publish","type":"page","link":"https:\/\/localhome.vn\/noi-quy-va-quy-dinh\/","title":{"rendered":"N\u1ed9i quy v\u00e0 quy \u0111\u1ecbnh"},"content":{"rendered":"\n<h2 class=\"wp-block-heading has-medium-font-size\"><strong>01. \u0110I\u1ec0U KHO\u1ea2N C\u1ea4M<\/strong><\/h2>\n\n\n\n<p>\u2022 Nghi\u00eam c\u1ea5m s\u1eed d\u1ee5ng ch\u1ea5t c\u1ea5m, ch\u1ea5t k\u00edch th\u00edch v\u00e0 h\u00e0nh vi vi ph\u1ea1m ph\u00e1p lu\u1eadt.<\/p>\n\n\n\n<p>\u2022 Nghi\u00eam c\u1ea5m c\u00e1c h\u00e0nh vi li\u00ean quan \u0111\u1ebfn m\u1ea1i d\u00e2m<\/p>\n\n\n\n<p>\u2022 Kh\u00f4ng h\u00fat thu\u1ed1c, kh\u00f4ng s\u1eed d\u1ee5ng ch\u1ea5t g\u00e2y ch\u00e1y n\u1ed5 trong ph\u00f2ng\/ khu\u00f4n vi\u00ean Home<\/p>\n\n\n\n<p>\u2022 M\u1ecdi vi ph\u1ea1m nghi\u00eam tr\u1ecdng v\u1ec1 ph\u00e1p lu\u1eadt s\u1ebd b\u1ecb bu\u1ed9c r\u1eddi kh\u1ecfi Home ngay l\u1eadp t\u1ee9c v\u00e0 kh\u00f4ng b\u1ed3i ho\u00e0n. B\u1ea1n \u0111\u1eb7t ph\u00f2ng khung gi\u1edd ban ng\u00e0y y\u00eau c\u1ea7u ph\u1ea3i \u0111\u1ee7 t\u1eeb 16 tu\u1ed5i tr\u1edf l\u00ean. \u0110\u1ed1i v\u1edbi qua \u0111\u00eam Home b\u1eaft bu\u1ed9c b\u1ea1n ph\u1ea3i tr\u00ean 18 tu\u1ed5i. Kh\u00e1ch c\u1ed1 \u00fd \u0111\u1eb7t ph\u00f2ng khi ch\u01b0a \u0111\u1ee7 tu\u1ed5i, s\u1ebd t\u1ef1 ho\u00e0n to\u00e0n t\u1ef1 ch\u1ecbu tr\u00e1ch nhi\u1ec7m tr\u01b0\u1edbc ph\u00e1p lu\u1eadt.<\/p>\n\n\n\n<p><\/p>\n\n\n\n<p><\/p>\n\n\n\n<h2 class=\"wp-block-heading has-medium-font-size\"><strong>02. C\u00c1C L\u01afU \u00dd CHECK IN\/ CHECK OUT<\/strong><\/h2>\n\n\n\n<p>\u2022 <strong>CCCD <\/strong>ph\u1ea3i tr\u00f9ng kh\u1edbp v\u1edbi ng\u01b0\u1eddi nh\u1eadn ph\u00f2ng.<\/p>\n\n\n\n<p>\u2022 B\u1ea1n vui l\u00f2ng check in \u0111\u00fang khung gi\u1edd \u0111\u00e3 \u0111\u1eb7t \u0111\u1ec3 c\u00f4ng t\u00e1c v\u1ec7 sinh ph\u00f2ng v\u00e0 qu\u00e1 tr\u00ecnh r\u00e0 so\u00e1t cam \u1ea9n \u0111\u01b0\u1ee3c ho\u00e0n t\u1ea5t theo \u0111\u00fang quy tr\u00ecnh. Home ch\u01b0a h\u1ed7 tr\u1ee3 check in s\u1edbm h\u01a1n gi\u1edd b\u1ea1n \u0111\u00e3 \u0111\u1eb7t. &#8211; B\u1ea1n vui l\u00f2ng check out \u0111\u00fang khung gi\u1edd \u0111\u00e3 \u0111\u1eb7t \u0111\u1ec3 nh\u00e2n vi\u00ean v\u1ec7 sinh c\u00f3 th\u1ec3 ti\u1ebfn h\u00e0nh c\u00f4ng t\u00e1c d\u1ecdn d\u1eb9p theo \u0111\u00fang quy tr\u00ecnh v\u00e0 th\u1eddi gian cho ph\u00e9p. Trong tr\u01b0\u1eddng h\u1ee3p b\u1ea1n check out tr\u1ec5 qu\u00e1 5 ph\u00fat, nh\u00e2n vi\u00ean Home xin ph\u00e9p \u0111\u01b0\u1ee3c dung ch\u00eca kh\u00f3a ri\u00eang \u0111\u1ec3 ti\u1ebfn h\u00e0nh nh\u1eadn l\u1ea1i ph\u00f2ng theo n\u1ed9i<\/p>\n\n\n\n<p>\u2022 Khi check out b\u1ea1n vui l\u00f2ng \u0111\u1ec3 l\u1ea1i kh\u00f3a ph\u00f2ng v\u00e0o \u0111\u00fang v\u1ecb tr\u00ed ban \u0111\u1ea7u.<\/p>\n\n\n\n<p>\u2022  B\u1ea1n vui l\u00f2ng ki\u1ec3m tra t\u01b0 trang c\u00e1 nh\u00e2n, t\u00e0i s\u1ea3n c\u00f3 gi\u00e1 tr\u1ecb tr\u01b0\u1edbc khi r\u1eddi kh\u1ecfi Home. M\u1ecdi v\u1ea5n \u0111\u1ec1 x\u1ea3y ra sau khi b\u1ea1n r\u1eddi kh\u1ecfi Home, Home s\u1ebd kh\u00f4ng ch\u1ecbu tr\u00e1ch nhi\u1ec7m.<\/p>\n\n\n\n<p><\/p>\n\n\n\n<p><\/p>\n\n\n\n<h2 class=\"wp-block-heading has-medium-font-size\"><strong>03. C\u00c1C L\u01afU \u00dd TRONG TH\u1edcI GIAN L\u01afU TR\u00da<\/strong><\/h2>\n\n\n\n<p>\u2022 Kh\u00f4ng s\u1eed d\u1ee5ng, ch\u1ebf bi\u1ebfn \u0111\u1ed3 \u0103n n\u1eb7ng m\u00f9i\/b\u00e1m m\u00f9i l\u00e2u trong ph\u00f2ng. Trong tr\u01b0\u1eddng h\u1ee3p b\u1ea1n s\u1eed d\u1ee5ng \u0111\u1ed3 \u0103n g\u00e2y m\u00f9i trong ph\u00f2ng Home xin ph\u1ee5 thu 100k ph\u00ed kh\u1eed m\u00f9i .<\/p>\n\n\n\n<p>\u2022 B\u1ea1n vui l\u00f2ng thu gom r\u00e1c v\u00e0o th\u00f9ng, d\u1ecdn d\u1eb9p b\u1ebfp v\u00e0 r\u1eeda ch\u00e9n \u0111\u0129a sau khi s\u1eed d\u1ee5ng. Trong tr\u01b0\u1eddng h\u1ee3p nhi\u1ec1u ch\u00e9n \u0111\u0129a\/ r\u00e1c ch\u01b0a \u0111\u01b0\u1ee3c x\u1eed l\u00ed v\u00e0 tr\u1ea3 v\u1ec1 \u0111\u00fang v\u1ec1 v\u1ecb tr\u00ed ban \u0111\u1ea7u, Home xin ph\u00e9p ph\u1ee5 ph\u00ed 100k ph\u00ed d\u1ecdn d\u1eb9p.<\/p>\n\n\n\n<p>\u2022 B\u1ea1n vui l\u00f2ng kh\u00f4ng d\u00e1n\/ d\u00ednh\/ \u0111inh v\u1eadt ph\u1ea9m trang tr\u00ed b\u1eb1ng keo d\u00e1n\/ keo d\u00ednh l\u00ean t\u01b0\u1eddng. Tr\u01b0\u1eddng h\u1ee3p g\u00e2y bong tr\u00f3c s\u01a1n, Home s\u1ebd ph\u1ee5 thu 200k ph\u00ed s\u1eeda ch\u1eefa .<\/p>\n\n\n\n<p>\u2022 Trong qu\u00e1 tr\u00ecnh l\u01b0u tr\u00fa, b\u1ea1n vui l\u00f2ng gi\u1eef g\u00ecn, b\u1ea3o qu\u1ea3n t\u00e0i s\u1ea3n trong Home v\u00e0 ph\u00f2ng ri\u00eang. M\u1ecdi m\u1ea5t m\u00e1t, h\u01b0 h\u1ecfng v\u00e0 c\u00e1c h\u00e0nh vi l\u1ea5y t\u00e0i s\u1ea3n\/ v\u1eadt d\u1ee5ng ra kh\u1ecfi Home s\u1ebd \u0111\u01b0\u1ee3c ph\u1ee5 thu theo gi\u00e1 tr\u1ecb hi\u1ec7n h\u00e0nh.<\/p>\n\n\n\n<p>\u2022 B\u1ea1n ra v\u00e0o Home ch\u00fa \u00fd \u0111\u00f3ng c\u1ed5ng k\u1ef9. N\u1ebfu x\u1ea3y ra m\u1ea5t m\u00e1t t\u00e0i s\u1ea3n do kh\u00f4ng \u0111\u00f3ng c\u1ed5ng k\u1ef9 khi ra\/ v\u00e0o. B\u1ea1n s\u1ebd ch\u1ecbu b\u1ed3i th\u01b0\u1eddng theo gi\u00e1 tr\u1ecb t\u00e0i s\u1ea3n b\u1ecb m\u1ea5t<\/p>\n\n\n\n<p>\u2022 Sau 22h, b\u1ea1n vui l\u00f2ng ti\u1ebft ch\u1ebf \u00e2m l\u01b0\u1ee3ng \u0111\u1ec3 tr\u00e1nh g\u00e2y \u1ea3nh h\u01b0\u1edfng t\u1edbi c\u00e1c kh\u00e1ch l\u01b0u tr\u00fa kh\u00e1c.<\/p>\n\n\n\n<p>\u2022 B\u1ea1n vui l\u00f2ng t\u1ef1 b\u1ea3o qu\u1ea3n t\u00e0i s\u1ea3n, t\u01b0 trang c\u00e1 nh\u00e2n trong th\u1eddi gian l\u01b0u tr\u00fa t\u1ea1i Home.<strong><br><\/strong><\/p>\n","protected":false},"excerpt":{"rendered":"<p>01. \u0110I\u1ec0U KHO\u1ea2N C\u1ea4M \u2022 Nghi\u00eam c\u1ea5m s\u1eed d\u1ee5ng ch\u1ea5t c\u1ea5m, ch\u1ea5t k\u00edch th\u00edch v\u00e0 h\u00e0nh vi vi ph\u1ea1m ph\u00e1p lu\u1eadt. \u2022 Nghi\u00eam c\u1ea5m c\u00e1c h\u00e0nh vi li\u00ean quan \u0111\u1ebfn m\u1ea1i d\u00e2m \u2022 Kh\u00f4ng h\u00fat thu\u1ed1c, kh\u00f4ng s\u1eed d\u1ee5ng ch\u1ea5t g\u00e2y ch\u00e1y n\u1ed5 trong ph\u00f2ng\/&#8230;<\/p>\n","protected":false},"author":1,"featured_media":0,"parent":0,"menu_order":0,"comment_status":"closed","ping_status":"closed","template":"page-left-sidebar.php","meta":{"footnotes":""},"class_list":["post-41","page","type-page","status-publish","hentry"],"yoast_head":"<!-- This site is optimized with the Yoast SEO plugin v27.5 - https:\/\/yoast.com\/product\/yoast-seo-wordpress\/ -->\n<title>N\u1ed9i quy v\u00e0 quy \u0111\u1ecbnh - Localhome<\/title>\n<meta name=\"robots\" content=\"index, follow, max-snippet:-1, max-image-preview:large, max-video-preview:-1\" \/>\n<link rel=\"canonical\" href=\"https:\/\/localhome.vn\/noi-quy-va-quy-dinh\/\" \/>\n<meta property=\"og:locale\" content=\"vi_VN\" \/>\n<meta property=\"og:type\" content=\"article\" \/>\n<meta property=\"og:title\" content=\"N\u1ed9i quy v\u00e0 quy \u0111\u1ecbnh - Localhome\" \/>\n<meta property=\"og:description\" content=\"01. \u0110I\u1ec0U KHO\u1ea2N C\u1ea4M \u2022 Nghi\u00eam c\u1ea5m s\u1eed d\u1ee5ng ch\u1ea5t c\u1ea5m, ch\u1ea5t k\u00edch th\u00edch v\u00e0 h\u00e0nh vi vi ph\u1ea1m ph\u00e1p lu\u1eadt. \u2022 Nghi\u00eam c\u1ea5m c\u00e1c h\u00e0nh vi li\u00ean quan \u0111\u1ebfn m\u1ea1i d\u00e2m \u2022 Kh\u00f4ng h\u00fat thu\u1ed1c, kh\u00f4ng s\u1eed d\u1ee5ng ch\u1ea5t g\u00e2y ch\u00e1y n\u1ed5 trong ph\u00f2ng\/...\" \/>\n<meta property=\"og:url\" content=\"https:\/\/localhome.vn\/noi-quy-va-quy-dinh\/\" \/>\n<meta property=\"og:site_name\" content=\"Localhome\" \/>\n<meta property=\"article:publisher\" content=\"https:\/\/www.facebook.com\/profile.php?id=61567521530908\" \/>\n<meta property=\"article:modified_time\" content=\"2024-10-07T03:54:21+00:00\" \/>\n<meta property=\"og:image\" content=\"https:\/\/localhome.vn\/uploads\/2025\/02\/stie-images-logo-1202.png\" \/>\n\t<meta property=\"og:image:width\" content=\"1200\" \/>\n\t<meta property=\"og:image:height\" content=\"675\" \/>\n\t<meta property=\"og:image:type\" content=\"image\/png\" \/>\n<meta name=\"twitter:card\" content=\"summary_large_image\" \/>\n<meta name=\"twitter:label1\" content=\"\u01af\u1edbc t\u00ednh th\u1eddi gian \u0111\u1ecdc\" \/>\n\t<meta name=\"twitter:data1\" content=\"3 ph\u00fat\" \/>\n<script type=\"application\/ld+json\" class=\"yoast-schema-graph\">{\"@context\":\"https:\\\/\\\/schema.org\",\"@graph\":[{\"@type\":\"WebPage\",\"@id\":\"https:\\\/\\\/localhome.vn\\\/noi-quy-va-quy-dinh\\\/\",\"url\":\"https:\\\/\\\/localhome.vn\\\/noi-quy-va-quy-dinh\\\/\",\"name\":\"N\u1ed9i quy v\u00e0 quy \u0111\u1ecbnh - Localhome\",\"isPartOf\":{\"@id\":\"https:\\\/\\\/localhome.vn\\\/#website\"},\"datePublished\":\"2024-10-03T08:11:32+00:00\",\"dateModified\":\"2024-10-07T03:54:21+00:00\",\"breadcrumb\":{\"@id\":\"https:\\\/\\\/localhome.vn\\\/noi-quy-va-quy-dinh\\\/#breadcrumb\"},\"inLanguage\":\"vi\",\"potentialAction\":[{\"@type\":\"ReadAction\",\"target\":[\"https:\\\/\\\/localhome.vn\\\/noi-quy-va-quy-dinh\\\/\"]}]},{\"@type\":\"BreadcrumbList\",\"@id\":\"https:\\\/\\\/localhome.vn\\\/noi-quy-va-quy-dinh\\\/#breadcrumb\",\"itemListElement\":[{\"@type\":\"ListItem\",\"position\":1,\"name\":\"Home\",\"item\":\"https:\\\/\\\/localhome.vn\\\/\"},{\"@type\":\"ListItem\",\"position\":2,\"name\":\"N\u1ed9i quy v\u00e0 quy \u0111\u1ecbnh\"}]},{\"@type\":\"WebSite\",\"@id\":\"https:\\\/\\\/localhome.vn\\\/#website\",\"url\":\"https:\\\/\\\/localhome.vn\\\/\",\"name\":\"Localhome\",\"description\":\"Homestay t\u1ef1 \u0111\u1ed9ng kh\u00f4ng l\u1ec5 t\u00e2n\",\"publisher\":{\"@id\":\"https:\\\/\\\/localhome.vn\\\/#organization\"},\"potentialAction\":[{\"@type\":\"SearchAction\",\"target\":{\"@type\":\"EntryPoint\",\"urlTemplate\":\"https:\\\/\\\/localhome.vn\\\/?s={search_term_string}\"},\"query-input\":{\"@type\":\"PropertyValueSpecification\",\"valueRequired\":true,\"valueName\":\"search_term_string\"}}],\"inLanguage\":\"vi\"},{\"@type\":\"Organization\",\"@id\":\"https:\\\/\\\/localhome.vn\\\/#organization\",\"name\":\"Localhome\",\"url\":\"https:\\\/\\\/localhome.vn\\\/\",\"logo\":{\"@type\":\"ImageObject\",\"inLanguage\":\"vi\",\"@id\":\"https:\\\/\\\/localhome.vn\\\/#\\\/schema\\\/logo\\\/image\\\/\",\"url\":\"https:\\\/\\\/localhome.vn\\\/uploads\\\/2024\\\/10\\\/favicon-localhome.png\",\"contentUrl\":\"https:\\\/\\\/localhome.vn\\\/uploads\\\/2024\\\/10\\\/favicon-localhome.png\",\"width\":512,\"height\":512,\"caption\":\"Localhome\"},\"image\":{\"@id\":\"https:\\\/\\\/localhome.vn\\\/#\\\/schema\\\/logo\\\/image\\\/\"},\"sameAs\":[\"https:\\\/\\\/www.facebook.com\\\/profile.php?id=61567521530908\"]}]}<\/script>\n<!-- \/ Yoast SEO plugin. -->","yoast_head_json":{"title":"N\u1ed9i quy v\u00e0 quy \u0111\u1ecbnh - Localhome","robots":{"index":"index","follow":"follow","max-snippet":"max-snippet:-1","max-image-preview":"max-image-preview:large","max-video-preview":"max-video-preview:-1"},"canonical":"https:\/\/localhome.vn\/noi-quy-va-quy-dinh\/","og_locale":"vi_VN","og_type":"article","og_title":"N\u1ed9i quy v\u00e0 quy \u0111\u1ecbnh - Localhome","og_description":"01. \u0110I\u1ec0U KHO\u1ea2N C\u1ea4M \u2022 Nghi\u00eam c\u1ea5m s\u1eed d\u1ee5ng ch\u1ea5t c\u1ea5m, ch\u1ea5t k\u00edch th\u00edch v\u00e0 h\u00e0nh vi vi ph\u1ea1m ph\u00e1p lu\u1eadt. \u2022 Nghi\u00eam c\u1ea5m c\u00e1c h\u00e0nh vi li\u00ean quan \u0111\u1ebfn m\u1ea1i d\u00e2m \u2022 Kh\u00f4ng h\u00fat thu\u1ed1c, kh\u00f4ng s\u1eed d\u1ee5ng ch\u1ea5t g\u00e2y ch\u00e1y n\u1ed5 trong ph\u00f2ng\/...","og_url":"https:\/\/localhome.vn\/noi-quy-va-quy-dinh\/","og_site_name":"Localhome","article_publisher":"https:\/\/www.facebook.com\/profile.php?id=61567521530908","article_modified_time":"2024-10-07T03:54:21+00:00","og_image":[{"width":1200,"height":675,"url":"https:\/\/localhome.vn\/uploads\/2025\/02\/stie-images-logo-1202.png","type":"image\/png"}],"twitter_card":"summary_large_image","twitter_misc":{"\u01af\u1edbc t\u00ednh th\u1eddi gian \u0111\u1ecdc":"3 ph\u00fat"},"schema":{"@context":"https:\/\/schema.org","@graph":[{"@type":"WebPage","@id":"https:\/\/localhome.vn\/noi-quy-va-quy-dinh\/","url":"https:\/\/localhome.vn\/noi-quy-va-quy-dinh\/","name":"N\u1ed9i quy v\u00e0 quy \u0111\u1ecbnh - Localhome","isPartOf":{"@id":"https:\/\/localhome.vn\/#website"},"datePublished":"2024-10-03T08:11:32+00:00","dateModified":"2024-10-07T03:54:21+00:00","breadcrumb":{"@id":"https:\/\/localhome.vn\/noi-quy-va-quy-dinh\/#breadcrumb"},"inLanguage":"vi","potentialAction":[{"@type":"ReadAction","target":["https:\/\/localhome.vn\/noi-quy-va-quy-dinh\/"]}]},{"@type":"BreadcrumbList","@id":"https:\/\/localhome.vn\/noi-quy-va-quy-dinh\/#breadcrumb","itemListElement":[{"@type":"ListItem","position":1,"name":"Home","item":"https:\/\/localhome.vn\/"},{"@type":"ListItem","position":2,"name":"N\u1ed9i quy v\u00e0 quy \u0111\u1ecbnh"}]},{"@type":"WebSite","@id":"https:\/\/localhome.vn\/#website","url":"https:\/\/localhome.vn\/","name":"Localhome","description":"Homestay t\u1ef1 \u0111\u1ed9ng kh\u00f4ng l\u1ec5 t\u00e2n","publisher":{"@id":"https:\/\/localhome.vn\/#organization"},"potentialAction":[{"@type":"SearchAction","target":{"@type":"EntryPoint","urlTemplate":"https:\/\/localhome.vn\/?s={search_term_string}"},"query-input":{"@type":"PropertyValueSpecification","valueRequired":true,"valueName":"search_term_string"}}],"inLanguage":"vi"},{"@type":"Organization","@id":"https:\/\/localhome.vn\/#organization","name":"Localhome","url":"https:\/\/localhome.vn\/","logo":{"@type":"ImageObject","inLanguage":"vi","@id":"https:\/\/localhome.vn\/#\/schema\/logo\/image\/","url":"https:\/\/localhome.vn\/uploads\/2024\/10\/favicon-localhome.png","contentUrl":"https:\/\/localhome.vn\/uploads\/2024\/10\/favicon-localhome.png","width":512,"height":512,"caption":"Localhome"},"image":{"@id":"https:\/\/localhome.vn\/#\/schema\/logo\/image\/"},"sameAs":["https:\/\/www.facebook.com\/profile.php?id=61567521530908"]}]}},"_links":{"self":[{"href":"https:\/\/localhome.vn\/wp-json\/wp\/v2\/pages\/41","targetHints":{"allow":["GET"]}}],"collection":[{"href":"https:\/\/localhome.vn\/wp-json\/wp\/v2\/pages"}],"about":[{"href":"https:\/\/localhome.vn\/wp-json\/wp\/v2\/types\/page"}],"author":[{"embeddable":true,"href":"https:\/\/localhome.vn\/wp-json\/wp\/v2\/users\/1"}],"replies":[{"embeddable":true,"href":"https:\/\/localhome.vn\/wp-json\/wp\/v2\/comments?post=41"}],"version-history":[{"count":6,"href":"https:\/\/localhome.vn\/wp-json\/wp\/v2\/pages\/41\/revisions"}],"predecessor-version":[{"id":163,"href":"https:\/\/localhome.vn\/wp-json\/wp\/v2\/pages\/41\/revisions\/163"}],"wp:attachment":[{"href":"https:\/\/localhome.vn\/wp-json\/wp\/v2\/media?parent=41"}],"curies":[{"name":"wp","href":"https:\/\/api.w.org\/{rel}","templated":true}]}}